11?
False
Is 202200 a multiple of 10?
True
Does 37 divide 133143?
False
Is 1340837 a multiple of 222?
False
Does 192 divide 10708193?
False
Does 18 divide 1898047?
False
Does 18 divide 42120?
True
Is 1060881 a multiple of 14?
False
Is 119 a factor of 24058067?
False
Is 35 a factor of 134055?
False
Is 38889 a multiple of 9?
True
Is 244032 a multiple of 492?
True
Is 4 a factor of 70526?
False
Does 71 divide 224502?
True
Is 11 a factor of 8559985?
False
Is 80 a factor of 1932006?
False
Is 242 a factor of 45179?
False
Is 13 a factor of 848088?
False
Does 8 divide 2583966?
False
Is 156 a factor of 149760?
True
Is 341 a factor of 106051?
True
Does 35 divide 239855?
True
Does 1016 divide 1619504?
True
Does 37 divide 7579191?
True
Is 171350 a multiple of 50?
True
Is 375633 a multiple of 74?
False
Does 33 divide 443980?
False
Is 3004271 a multiple of 10?
False
Is 1674165 a multiple of 15?
True
Is 166320 a multiple of 378?
True
Does 48 divide 15840?
True
Does 29 divide 10368?
False
Is 10 a factor of 858770?
True
Is 141 a factor of 144384?
True
Is 2848322 a multiple of 1236?
False
Does 268 divide 372252?
True
Does 11 divide 12298492?
False
Does 2 divide 7098?
True
Does 36 divide 15348?
False
Is 3 a factor of 6020?
False
Is 1790 a multiple of 9?
False
Does 246 divide 10923152?
False
Does 170 divide 11194124?
False
Does 840 divide 3864840?
True
Is 2706240 a multiple of 320?
True
Is 1660866 a multiple of 19?
True
Is 1898334 a multiple of 96?
False
Is 837284 a multiple of 17?
True
Does 64 divide 6400?
True
Is 126 a factor of 160342?
False
Does 1717 divide 2106759?
True
Does 74 divide 1176831?
False
Is 8 a factor of 174312?
True
Is 161 a factor of 4057522?
True
Is 411 a factor of 10917804?
True
Does 4 divide 442241?
False
Is 147 a factor of 1157331?
True
Is 22 a factor of 39512?
True
Is 137 a factor of 253450?
True
Does 118 divide 504974?
False
Is 1556154 a multiple of 6?
True
Is 268 a multiple of 4?
True
Is 1076 a factor of 24464083?
False
Is 30 a factor of 239783?
False
Does 8 divide 761768?
True
Is 21 a factor of 506754?
False
Is 280 a factor of 1992760?
True
Is 272526 a multiple of 26?
False
Is 186101 a multiple of 149?
True
Is 86141 a multiple of 203?
False
Is 21 a factor of 368592?
True
Is 216489 a multiple of 189?
False
Is 3590641 a multiple of 37?
False
Is 1550409 a multiple of 49?
True
Is 1671344 a multiple of 16?
True
Does 540 divide 12883860?
True
Does 83 divide 3577549?
True
Is 7 a factor of 231199?
False
Does 3 divide 742870?
False
Does 59 divide 80467?
False
Is 59418 even?
True
Is 5 a factor of 2435931?
False
Is 154 a factor of 103982?
False
Is 40 a factor of 4344447?
False
Is 13731 a multiple of 23?
True
Is 27434 even?
True
Is 697614 a multiple of 336?
False
Is 13 a factor of 863590?
True
Is 56884 a multiple of 12?
False
Is 220 a factor of 2469060?
True
Does 81 divide 58887?
True
Does 16 divide 413680?
True
Does 573 divide 461448?
False
Is 264 a factor of 104544?
True
Is 305 a factor of 651407?
False
Is 92 a factor of 6839080?
False
Is 24969000 a multiple of 50?
True
Is 104 a factor of 1743521?
False
Is 532 a factor of 2068948?
True
Is 151368 a multiple of 7?
True
Does 10 divide 198972?
False
Is 63464 a multiple of 4?
True
Is 1610 a factor of 12488770?
True
Does 10 divide 2880380?
True
Is 371 a factor of 718575?
False
Does 960 divide 17644800?
True
Does 87 divide 216195?
True
Does 26 divide 490102?
False
Is 13 a factor of 23992605?
True
Is 3560271 a multiple of 129?
True
Is 154175 a multiple of 57?
False
Does 724 divide 2108230?
False
Is 92 a factor of 973636?
True
Is 149 a factor of 4353171?
False
Does 343 divide 1616330?
False
Does 22 divide 130108?
True
Is 211660 a multiple of 380?
True
Is 9941602 a multiple of 34?
False
Is 87509 a multiple of 24?
False
Is 16 a factor of 44799?
False
Does 159 divide 275087?
False
Is 682672 a multiple of 16?
True
Is 610 a factor of 239120?
True
Is 207665 a multiple of 593?
False
Is 1500720 a multiple of 208?
True
Does 35 divide 192745?
True
Does 15 divide 492023?
False
Is 33 a factor of 1300368?
False
Is 55 a factor of 141405?
True
Is 49896 a multiple of 88?
True
Is 771062 a multiple of 861?
False
Is 13 a factor of 12129?
True
Is 28776 a multiple of 15?
False
Is 8814500 a multiple of 100?
True
Is 182727 a multiple of 8?
False
Is 2590258 a multiple of 99?
False
Is 692043 a multiple of 33?
True
Is 342 a factor of 1707030?
False
Is 56101 a multiple of 152?
False
Does 73 divide 217759?
True
Is 213 a factor of 57991?
False
Is 53 a factor of 79076?
True
Is 3 a factor of 3698991?
True
Does 6 divide 3923375?
False
Is 6514 a multiple of 4?
False
Is 10 a factor of 97718?
False
Does 47 divide 83660?
True
Does 10 divide 49454?
False
Does 167 divide 88157?
False
Is 24 a factor of 1155936?
True
Is 47 a factor of 65278?
False
Is 179985 a multiple of 50?
False
Does 159 divide 229278?
True
Is 52 a factor of 26502?
False
Does 37 divide 1832166?
True
Is 386445 a multiple of 175?
False
Is 150480 a multiple of 90?
True
Is 2 a factor of 35282?
True
Is 184 a factor of 411056?
True
Is 151 a factor of 565339?
False
Does 83 divide 296432?
False
Is 37890 a multiple of 2?
True
Is 3593562 a multiple of 580?
False
Does 81 divide 2275695?
True
Does 9 divide 81462?
False
Does 20 divide 3744000?
True
Does 23 divide 241948?
False
Is 1083293 a multiple of 285?
False
Is 743943 a multiple of 79?
True
Is 185 a factor of 181448?
False
Does 63 divide 16884?
True
Is 3 a factor of 42762?
True
Is 2837462 a multiple of 121?
False
Does 23 divide 32844?
True
Is 1507755 a multiple of 15?
True
Does 298 divide 540572?
True
Is 200 a factor of 59200?
True
Is 950896 a multiple of 103?
True
Does 18 divide 48959?
False
Is 3 a factor of 879903?
True
Is 16 a factor of 88896?
True
Is 5 a factor of 673915?
True
Is 437 a factor of 6955292?
True
Is 15439552 a multiple of 32?
True
Is 19 a factor of 143325?
False
Does 514 divide 1747086?
True
Is 994 a factor of 2346571?
False
Does 42 divide 2694636?
True
Is 16 a factor of 2001984?
True
Does 84 divide 260736?
True
Is 8874320 a multiple of 530?
True
Is 43 a factor of 1275749?
False
Does 195 divide 295374?
False
Is 2968380 a multiple of 30?
True
Is 22036644 a multiple of 108?
True
Is 403854 a multiple of 22?
True
Does 2 divide 1381141?
False
Is 5563460 a multiple of 7?
True
Does 14 divide 1963480?
False
Is 88848 a multiple of 4?
True
Is 543 a factor of 145802?
False
Does 48 divide 850855?
False
Is 42 a factor of 887334?
True
Does 989 divide 1298299?
False
Is 30584 a multiple of 21?
False
Does 9 divide 8553?
False
Is 305550 a multiple of 21?
True
Does 1677 divide 14717352?
True
Is 240030 a multiple of 22?
False
Does 16 divide 335568?
True
Is 769170 a multiple of 48?
False
Is 1559510 a multiple of 120?
False
Does 210 divide 5469523?
False
Is 20 a factor of 17271500?
True
Is 471 a factor of 154763?
False
Is 31 a factor of 3259092?
True
Is 44 a factor of 494506?
False
Does 306 divide 31393?
False
Is 31 a factor of 144584?
True
Is 148 a factor of 588448?
True
Is 38398816 a multiple of 1831?
False
Is 90 a factor of 590490?
True
Does 40 divide 88574?
False
Does 31 divide 3926043?
False
Is 259 a factor of 804167?
False
Is 11 a factor of 7800958?
True
Does 53 divide 1297387?
True
Is 1057140 a multiple of 315?
True
Is 791199 a multiple of 40?
False
Does 58 divide 318186?
False
Is 4900919 a multiple of 13?
False
Is 287028 a multiple of 469?
True
Does 681 divide 8381748?
True
Does 10 divide 316280?
True
Does 48 divide 122064?
True
Does 68 divide 25089469?
False
Does 20 divide 10625040?
True
Is 1777995 a multiple of 45?
True
Does 53 divide 332950?
False
Is 14429360 a multiple of 880?
True
Is 152608 a multiple of 201?
False
Is 218 a factor of 425972?
True
Is 25 a factor of 3711486?
False
Is 45677 a multiple of 25?
False
Is 21 a factor of 28282842?
True
Is 191090 a multiple of 197?
True
Is 997766 a multiple of 154?
True
Is 155 a factor of 171740?
True
Is 7073451 a multiple of 173?
True
Is 742380 a multiple of 11?
False
Does 486 divide 2355558?
False
Is 2692358 a multiple of 34?
True
Is 9 a factor of 21361257?
True
Does 18 divide 6395822?
False
Is 18150322 a multiple of 69?
False
Is 2381392 a multiple of 579?
False
Is 369 a factor of 459367?
False
Does 17 divide 374026?
False
Is 79492 a multiple of 12?
False
Is 91 a factor of 1479952